1 a prime number?
False
Is 137942617 a prime number?
True
Is 591818529 a prime number?
False
Is 1281821269 composite?
True
Is 29985987767 a composite number?
False
Is 360784681 prime?
False
Is 3937671161 prime?
True
Is 45947197493 a prime number?
True
Is 2223387833 a prime number?
False
Is 19998908507 composite?
False
Is 256355348567 a prime number?
True
Is 6475905661 a composite number?
False
Is 963815117 composite?
False
Is 109096273849 a prime number?
False
Is 128604273547 a prime number?
True
Is 757814711 a prime number?
False
Is 399576713 prime?
False
Is 7151210441 prime?
True
Is 65839277111 composite?
False
Is 201206119 a composite number?
True
Is 3400309123 composite?
False
Is 8524952341 a composite number?
False
Is 277684123 prime?
True
Is 10391507177 a composite number?
True
Is 52222748443 composite?
True
Is 33273936119 prime?
False
Is 51562451 a composite number?
True
Is 8127454659 composite?
True
Is 554965291 composite?
False
Is 889238303 prime?
True
Is 87370277881 prime?
False
Is 210624511985 a composite number?
True
Is 26850054419 a prime number?
True
Is 11682585566 prime?
False
Is 24587994001 prime?
True
Is 7972727941 prime?
True
Is 161326057 prime?
False
Is 5589709557 composite?
True
Is 4094138281 a prime number?
False
Is 3861188003 a prime number?
True
Is 361367617 prime?
False
Is 2987115479 composite?
True
Is 1655076049 composite?
True
Is 5358634439 prime?
True
Is 10991166671 composite?
True
Is 2185017203 a composite number?
True
Is 3759217069 prime?
True
Is 4082643737 prime?
True
Is 11488593443 composite?
False
Is 5643384613 a prime number?
True
Is 753895969 composite?
False
Is 17341172447 prime?
True
Is 3097447 a prime number?
False
Is 169299119147 a prime number?
True
Is 2564751001 a composite number?
True
Is 19976793127 a composite number?
False
Is 3751094287 prime?
True
Is 298132399 prime?
False
Is 149010839 prime?
False
Is 65312023783 a composite number?
True
Is 190246393807 a prime number?
True
Is 184677211 prime?
True
Is 72264984041 a prime number?
True
Is 287025230939 a composite number?
False
Is 11938487993 a composite number?
False
Is 5713648939 composite?
False
Is 2043135167 composite?
True
Is 2219938117 a prime number?
False
Is 218708753 composite?
True
Is 34099728181 a prime number?
True
Is 2902000973 a prime number?
True
Is 416043413 prime?
False
Is 216499658437 prime?
False
Is 3202485229 composite?
True
Is 1908702409 a prime number?
False
Is 1251130003 a composite number?
False
Is 209089395577 a composite number?
False
Is 27990137335 composite?
True
Is 34602980663 a prime number?
True
Is 844432169 a composite number?
True
Is 671071757 a prime number?
False
Is 3201208349 composite?
False
Is 862989331 a composite number?
False
Is 591392279 a composite number?
True
Is 8637127111 a composite number?
False
Is 9708546886 composite?
True
Is 5000538319 a prime number?
False
Is 14877034154 a prime number?
False
Is 2025307811 composite?
False
Is 546183112549 prime?
True
Is 38337249187 prime?
True
Is 107951777 a composite number?
False
Is 3910761461 prime?
False
Is 195816919 composite?
False
Is 133101353057 composite?
False
Is 4003104653 composite?
False
Is 14650828639 prime?
True
Is 1395841283 prime?
False
Is 893558319 prime?
False
Is 65984015659 a composite number?
True
Is 2069886437 prime?
False
Is 12263386697 prime?
False
Is 30161402549 a prime number?
True
Is 40676074157 a composite number?
False
Is 74990137 a prime number?
False
Is 464443123 prime?
False
Is 71802419119 prime?
True
Is 8367348617 a composite number?
True
Is 3405496091 prime?
True
Is 1308086495 a composite number?
True
Is 8013459554 a composite number?
True
Is 787062953 composite?
False
Is 406827997 a prime number?
True
Is 17570546359 a prime number?
True
Is 30136315067 a prime number?
True
Is 407444971 a composite number?
True
Is 5888860631 a composite number?
False
Is 216280357 a prime number?
True
Is 39732665083 a prime number?
False
Is 29088431543 a prime number?
False
Is 1369537907 a prime number?
False
Is 14158781387 a composite number?
False
Is 97236169 composite?
False
Is 110646177611 prime?
False
Is 1031693087 composite?
True
Is 1331128259 prime?
False
Is 7433133067 composite?
False
Is 252548033 prime?
False
Is 7777391519 prime?
True
Is 7482230879 a prime number?
True
Is 44542373019 a composite number?
True
Is 4771660539 composite?
True
Is 2667244409 prime?
True
Is 7049082913 a prime number?
False
Is 156238514407 a prime number?
True
Is 15885668963 composite?
False
Is 62999199581 prime?
True
Is 802571089 a prime number?
False
Is 101341586231 a prime number?
False
Is 26200439123 a composite number?
False
Is 93268699891 composite?
False
Is 15141958619 a composite number?
False
Is 30701872567 composite?
True
Is 322061059 composite?
True
Is 92032149337 prime?
True
Is 320463313 composite?
False
Is 325647071 prime?
False
Is 7587587617 a prime number?
True
Is 9730584718 prime?
False
Is 11842507007 a composite number?
True
Is 12185761531 prime?
True
Is 3517664341 composite?
True
Is 956365979 a composite number?
True
Is 49730637687 prime?
False
Is 4761556223 composite?
False
Is 67148299927 a composite number?
True
Is 38937849 a composite number?
True
Is 26595394577 prime?
True
Is 45918113231 prime?
False
Is 48882834323 composite?
False
Is 1329847193 composite?
False
Is 1274013997 a composite number?
False
Is 4742718893 prime?
False
Is 1199733463 a prime number?
True
Is 9365336603 a prime number?
False
Is 2034975797 prime?
True
Is 1249288613 composite?
True
Is 1626133469 a composite number?
False
Is 7565576327 composite?
False
Is 116111285 a prime number?
False
Is 58369934743 a composite number?
True
Is 2568684359 a composite number?
False
Is 99272301343 a composite number?
True
Is 3324976381 a prime number?
True
Is 6383696261 a composite number?
False
Is 46195093643 prime?
True
Is 15192834193 composite?
True
Is 28977716539 a composite number?
False
Is 84750188095 a composite number?
True
Is 16710587683 a prime number?
True
Is 593909363 prime?
True
Is 445568467 composite?
True
Is 9924630789 composite?
True
Is 475065399905 a composite number?
True
Is 35573553409 composite?
False
Is 3458061779 prime?
True
Is 497129027 composite?
False
Is 6195974839 a prime number?
False
Is 10914001313 composite?
True
Is 772718339 a composite number?
True
Is 42309436177 composite?
True
Is 18509033 a composite number?
False
Is 16646712053 prime?
True
Is 60929166107 prime?
True
Is 284535179 prime?
True
Is 5095855337 composite?
False
Is 11449461329 composite?
False
Is 71918191 a composite number?
True
Is 8334179003 a composite number?
False
Is 7735992853 a composite number?
False
Is 6184523263 a composite number?
True
Is 69204497111 prime?
True
Is 2165649053 a prime number?
True
Is 18593291987 prime?
True
Is 205072205111 prime?
True
Is 263544065 a prime number?
False
Is 300115757 a prime number?
True
Is 48910959367 prime?
True
Is 660910807 a prime number?
False
Is 609099839 a prime number?
True
Is 244570429 a prime number?
True
Is 80144320577 a composite number?
True
Is 6087496655 a prime number?
False
Is 556903819 prime?
True
Is 3519121027 prime?
False
Is 29237724133 a prime number?
False
Is 27505438783 composite?
False
Is 147550526027 a prime number?
False
Is 196765361189 prime?
True
Is 1453524581 composite?
True
Is 562934263 prime?
True
Is 46641979253 composite?
False
Is 22490366957 a prime number?
True
Is 9922941193 a composite number?
True
Is 344595595309 prime?
False
Is 4671670711 a composite number?
True
Is 10495005179 a prime number?
False
Is 5070349111 prime?
True
Is 216769517 a composite number?
False
Is 414218099 a prime number?
False
Is 843951971 composite?
False
Is 501916759 prime?
True
Is 51335971373 a prime number?
True
Is 95351324977 composite?
False
Is 51709649137 a composite number?
False
Is 595513253 prime?
False
Is 31358554069 composite?
False
Is 50748283337 a prime number?
False
Is 3817973437 prime?
True
Is 15261976813 a prime number?
True
Is 1525939297 prime?
True
Is 937421351 composite?
True
Is 6965274257 a prime number?
False
Is 2867809417 prime?
False
Is 41939143543 a composite number?
True
Is 5417205971 composite?
False
Is 5333153261 a composite number?
True
Is 3875164255 prime?
False
Is 1028672089 prime?
True
Is 11381286887 prime?
True
Is 17290